e prime factors of 131854224?
2, 3, 19, 144577
List the prime factors of 42763800.
2, 3, 5, 263, 271
List the prime factors of 5671031674.
2, 7, 11, 239, 154079
What are the prime factors of 158420128?
2, 4950629
List the prime factors of 38324558.
2, 19, 1008541
What are the prime factors of 121174199?
677, 178987
What are the prime factors of 1162859690?
2, 5, 29, 4009861
What are the prime factors of 197734937?
131, 1509427
List the prime factors of 4388569540.
2, 5, 47, 4668691
List the prime factors of 47514542.
2, 691, 34381
List the prime factors of 2265785281.
61, 37144021
List the prime factors of 48845783.
7, 6977969
List the prime factors of 492192744.
2, 3, 97, 113, 1871
List the prime factors of 1439372295.
3, 5, 2207, 4831
List the prime factors of 378115086.
2, 3, 19, 3316799
List the prime factors of 31131185.
5, 1847, 3371
List the prime factors of 451404973.
79, 373, 15319
List the prime factors of 70097507.
70097507
List the prime factors of 822118666.
2, 411059333
What are the prime factors of 664652496?
2, 3, 191, 72497
List the prime factors of 1186629613.
13, 89, 78893
What are the prime factors of 654198167?
7, 97, 137639
What are the prime factors of 1071343215?
3, 5, 19, 773, 1621
List the prime factors of 660489665.
5, 11, 12008903
What are the prime factors of 4056466151?
4056466151
What are the prime factors of 1042081854?
2, 3, 11, 1259, 12541
What are the prime factors of 122335495?
5, 113, 216523
What are the prime factors of 1765428063?
3, 7, 84068003
List the prime factors of 3884259658.
2, 97, 191, 104827
What are the prime factors of 1080137709?
3, 7, 1297, 13219
List the prime factors of 34043247.
3, 7, 60041
What are the prime factors of 2197637?
13, 169049
What are the prime factors of 184313948?
2, 7, 13, 506357
What are the prime factors of 64952012?
2, 233, 69691
List the prime factors of 707915130.
2, 3, 5, 13, 751, 2417
What are the prime factors of 19246272?
2, 3, 59, 1699
List the prime factors of 84101551.
223, 377137
List the prime factors of 4477024121.
7753, 577457
List the prime factors of 3315041028.
2, 3, 13, 89, 79589
What are the prime factors of 539934688?
2, 17, 31, 101, 317
List the prime factors of 1853272959.
3, 2767, 223259
List the prime factors of 2066647765.
5, 7, 13, 19, 37, 71
What are the prime factors of 32290836?
2, 3, 997, 2699
List the prime factors of 71151248.
2, 7, 635279
List the prime factors of 869364498.
2, 3, 144894083
What are the prime factors of 1796454917?
1796454917
List the prime factors of 50929690.
2, 5, 7, 19, 149, 257
What are the prime factors of 4801640?
2, 5, 120041
What are the prime factors of 103009618?
2, 47, 1095847
What are the prime factors of 417128023?
13, 23, 1395077
What are the prime factors of 127341505?
5, 83, 306847
What are the prime factors of 308207557?
7, 269, 163679
What are the prime factors of 129919379?
129919379
What are the prime factors of 384980538?
2, 3, 17, 73, 149, 347
List the prime factors of 180258715.
5, 7, 13, 396173
List the prime factors of 21763451.
17, 23, 55661
List the prime factors of 56845179.
3, 2105377
List the prime factors of 367847603.
137, 2685019
List the prime factors of 13825667.
13825667
What are the prime factors of 1152901379?
7, 8377, 19661
List the prime factors of 57673837.
13, 29, 152981
List the prime factors of 161015519.
7, 19, 31, 797
What are the prime factors of 22579203?
3, 127, 59263
List the prime factors of 40956554.
2, 43, 89, 5351
List the prime factors of 958317793.
23, 73, 131, 4357
What are the prime factors of 142230521?
9337, 15233
List the prime factors of 1766397755.
5, 59, 5987789
List the prime factors of 2390058230.
2, 5, 7, 34143689
List the prime factors of 88529179.
439, 201661
List the prime factors of 1408083430.
2, 5, 13, 401, 27011
List the prime factors of 176728786.
2, 13, 6797261
List the prime factors of 662895980.
2, 5, 33144799
What are the prime factors of 493279?
493279
What are the prime factors of 298229059?
298229059
List the prime factors of 23921284.
2, 5980321
List the prime factors of 1639423775.
5, 11, 113, 52757
What are the prime factors of 40323718?
2, 20161859
What are the prime factors of 232759529?
17, 13691737
What are the prime factors of 5372401?
5372401
What are the prime factors of 809575554?
2, 3, 134929259
List the prime factors of 2586713682.
2, 3, 7, 73, 843677
What are the prime factors of 1563181027?
1563181027
List the prime factors of 95411798.
2, 29, 127, 12953
List the prime factors of 1096218254.
2, 3373, 162499
What are the prime factors of 241620712?
2, 30202589
What are the prime factors of 436019485?
5, 11, 17, 466331
What are the prime factors of 2218758170?
2, 5, 221875817
What are the prime factors of 42702213?
3, 97, 146743
List the prime factors of 40158347.
40158347
What are the prime factors of 5889241741?
5889241741
What are the prime factors of 113763991?
11, 10342181
What are the prime factors of 77758878?
2, 3, 41, 43, 7351
What are the prime factors of 681921972?
2, 3, 661, 28657
List the prime factors of 46857901.
109, 429889
What are the prime factors of 4608821904?
2, 3, 757, 126839
List the prime factors of 3071813482.
2, 37, 41510993
What are the prime factors of 3610482328?
2, 1163, 388057
List the prime factors of 2497565980.
2, 5, 7, 13, 383, 3583
List the prime factors of 35168242.
2, 23, 29, 41, 643
List the prime factors of 87851141.
7, 887, 14149
List the prime factors of 261955622.
2, 19, 661, 10429
List the prime factors of 857063004.
2, 3, 7, 463, 22037
List the prime factors of 445337765.
5, 1901, 46853
List the prime factors of 1206348364.
2, 13, 89, 20051
List the prime factors of 13633531.
13633531
What are the prime factors of 572133150?
2, 3, 5, 349, 3643
What are the prime factors of 207404524?
2, 23, 641, 3517
What are the prime factors of 348738601?
29, 12025469
List the prime factors of 1987095944.
2, 1487, 167039
What are the prime factors of 46157914?
2, 11, 457, 4591
What are the prime factors of 287045995?
5, 57409199
List the prime factors of 74835947.
41, 53, 34439
What are the prime factors of 26015644?
2, 17, 382583
What are the prime factors of 2122938530?
2, 5, 212293853
List the prime factors of 37526548.
2, 17, 551861
List the prime factors of 482024322.
2, 3, 13, 2059933
What are the prime factors of 87054682?
2, 11, 13, 79, 3853
What are the prime factors of 433300052?
2, 2797, 38729
What are the prime factors of 760734603?
3, 509, 166063
What are the prime factors of 28893336?
2, 3, 17, 23, 3079
List the prime factors of 171986643.
3, 53, 6803
What are the prime factors of 583474718?
2, 23, 59, 214987
What are the prime factors of 415871208?
2, 3, 5775989
What are the prime factors of 2420790777?
3, 151, 443, 4021
What are the prime factors of 127758949?
29, 61, 72221
What are the prime factors of 287015802?
2, 3, 2267, 21101
List the prime factors of 7781898.
2, 3, 1296983
What are the prime factors of 149493341?
251, 601, 991
What are the prime factors of 6790129679?
41, 165612919
What are the prime factors of 117846070?
2, 5, 857, 13751
List the prime factors of 450710995.
5, 7, 491, 26227
List the prime factors of 57794031.
3, 6421559
List the prime factors of 454408726.
2, 31, 7329173
What are the prime factors of 573880443?
3, 191293481
What are the prime factors of 58729593?
3, 13, 31, 1567
What are the prime factors of 550041896?
2, 41, 43, 59, 661
List the prime factors of 23221007.
23, 1009609
What are the prime factors of 875831415?
3, 5, 17, 3434633
List the prime factors of 4283528.
2, 277, 1933
List the prime factors of 2106174566.
2, 59, 17848937
List the prime factors of 1138942273.
7, 283, 574933
What are the prime factors of 391013325?
3, 5, 193093
List the prime factors of 4781476374.
2, 3, 1423, 560023
What are the prime factors of 62842487?
31, 2027177
What are the prime factors of 330745343?
919, 359897
What are the prime factors of 412319390?
2, 5, 7, 23, 29, 8831
What are the prime factors of 3499605224?
2, 43, 139, 73189
List the prime factors of 3420537463.
7, 41, 131, 317
List the prime factors of 1619648254.
2, 7, 16527023
List the prime factors of 36474872.
2, 7, 23, 28319
What are the prime factors of 146468618?
2, 29, 137, 18433
What are t